27507 a prime number?
True
Is 57899 a composite number?
False
Is 138629 a composite number?
False
Is 336983 prime?
True
Is 2203 a composite number?
False
Is 102205 a prime number?
False
Is 235159 a composite number?
False
Is 1777 composite?
False
Is 1497 composite?
True
Is 5207 a prime number?
False
Is 10397 composite?
True
Is 251605 a prime number?
False
Is 28559 a composite number?
False
Is 564971 a composite number?
True
Is 23843 a prime number?
False
Is 8261 composite?
True
Is 115451 a prime number?
False
Is 12991 composite?
True
Is 662 a prime number?
False
Is 104197 prime?
False
Is 38767 a prime number?
True
Is 12443 prime?
False
Is 38578 prime?
False
Is 34123 composite?
False
Is 5951 a composite number?
True
Is 13367 a composite number?
False
Is 109023 composite?
True
Is 12557 composite?
True
Is 87799 a composite number?
True
Is 34603 composite?
False
Is 1289213 composite?
False
Is 32847 a prime number?
False
Is 34609 a composite number?
True
Is 59315 a composite number?
True
Is 208289 a composite number?
True
Is 86737 a composite number?
True
Is 1181237 composite?
False
Is 99861 prime?
False
Is 156153 composite?
True
Is 977407 a prime number?
True
Is 59093 a prime number?
True
Is 332549 a composite number?
True
Is 3943 a prime number?
True
Is 1382 prime?
False
Is 6999 a composite number?
True
Is 43261 a composite number?
False
Is 107551 a composite number?
True
Is 10717 composite?
True
Is 3943 a composite number?
False
Is 6079 a prime number?
True
Is 706357 a prime number?
True
Is 406093 prime?
True
Is 42317 a prime number?
False
Is 33457 a composite number?
False
Is 373985 a composite number?
True
Is 540013 a prime number?
False
Is 4859 composite?
True
Is 2903 composite?
False
Is 4851013 prime?
True
Is 889 a prime number?
False
Is 66919 composite?
False
Is 99403 prime?
False
Is 11113 a composite number?
False
Is 412883 prime?
False
Is 487049 a prime number?
True
Is 48881 composite?
True
Is 128859 a composite number?
True
Is 58 composite?
True
Is 1338017 composite?
True
Is 267082 composite?
True
Is 34907 prime?
False
Is 379123 prime?
True
Is 4177 a composite number?
False
Is 307 composite?
False
Is 74377 prime?
True
Is 11185 a prime number?
False
Is 1499 a prime number?
True
Is 83 composite?
False
Is 63103 prime?
True
Is 18482 prime?
False
Is 47563 a prime number?
True
Is 1730461 a composite number?
False
Is 235241 a prime number?
True
Is 90697 composite?
False
Is 3611 a prime number?
False
Is 1717349 prime?
True
Is 56837 a prime number?
False
Is 889 a composite number?
True
Is 93787 a composite number?
False
Is 71059 prime?
True
Is 151939 a composite number?
False
Is 135479 composite?
False
Is 59071 a prime number?
False
Is 342007 a composite number?
True
Is 86511 composite?
True
Is 13841 a prime number?
True
Is 14369 a prime number?
True
Is 43481 prime?
True
Is 56159 prime?
False
Is 147569 composite?
True
Is 86587 composite?
False
Is 8143 composite?
True
Is 911459 a composite number?
False
Is 50889 composite?
True
Is 35353 composite?
False
Is 382297 a composite number?
True
Is 5998 a composite number?
True
Is 103651 composite?
False
Is 273737 composite?
True
Is 81751 prime?
False
Is 49103 a composite number?
False
Is 310274 a prime number?
False
Is 145609 prime?
False
Is 2942 composite?
True
Is 230663 a composite number?
False
Is 1105069 prime?
False
Is 34633 prime?
False
Is 11281 a prime number?
False
Is 109253 a prime number?
True
Is 268661 a prime number?
True
Is 27143 composite?
False
Is 24143 prime?
False
Is 1395259 composite?
True
Is 887767 composite?
True
Is 18299 prime?
False
Is 23123 composite?
True
Is 16301 composite?
False
Is 28617 composite?
True
Is 604427 a prime number?
True
Is 82583 composite?
True
Is 263545 composite?
True
Is 57773 a composite number?
False
Is 86111 composite?
False
Is 60355 composite?
True
Is 67883 prime?
True
Is 4303 composite?
True
Is 182167 a composite number?
False
Is 121474 prime?
False
Is 306991 a prime number?
True
Is 100091 a prime number?
False
Is 41014 composite?
True
Is 611 prime?
False
Is 41222 a prime number?
False
Is 514499 prime?
True
Is 15854 a prime number?
False
Is 6113 composite?
False
Is 205607 a prime number?
True
Is 751 prime?
True
Is 19373 a composite number?
False
Is 40739 composite?
False
Is 12023 a composite number?
True
Is 934049 a composite number?
False
Is 679517 composite?
False
Is 240527 a prime number?
False
Is 479 prime?
True
Is 128657 a prime number?
True
Is 4465367 composite?
False
Is 68393 a composite number?
True
Is 13214 a composite number?
True
Is 1979773 a prime number?
True
Is 7661 prime?
False
Is 9983 a prime number?
False
Is 3433 a prime number?
True
Is 4633 a composite number?
True
Is 2903 a prime number?
True
Is 66403 composite?
False
Is 162111 prime?
False
Is 871 a composite number?
True
Is 341543 a composite number?
False
Is 1135 a prime number?
False
Is 15193 prime?
True
Is 22663 a composite number?
True
Is 13841 composite?
False
Is 28207 a prime number?
False
Is 12451 prime?
True
Is 357451 prime?
False
Is 21779 a prime number?
False
Is 191663 prime?
False
Is 3579 composite?
True
Is 2272297 a prime number?
True
Is 26083 a composite number?
False
Is 22009 prime?
False
Is 10487 a composite number?
False
Is 12417 a prime number?
False
Is 1657 a prime number?
True
Is 2751571 a composite number?
False
Is 2879 a composite number?
False
Is 82829 a composite number?
True
Is 15421 a composite number?
True
Is 433385 composite?
True
Is 249137 a prime number?
False
Is 34703 composite?
False
Is 6 prime?
False
Is 1857203 composite?
False
Is 4783 prime?
True
Is 42193 a prime number?
True
Is 982931 a composite number?
False
Is 258979 prime?
False
Is 51583 a composite number?
True
Is 455171 a composite number?
False
Is 34147 composite?
False
Is 1361 composite?
False
Is 24319 a composite number?
True
Is 87863 a prime number?
False
Is 130753 composite?
True
Is 3973 a composite number?
True
Is 12091 a prime number?
False
Is 708517 composite?
False
Is 57329 a prime number?
True
Is 10783 a composite number?
True
Is 541 a composite number?
False
Is 15359 composite?
False
Is 5617 composite?
True
Is 25385 a prime number?
False
Is 176138 a prime number?
False
Is 9997 composite?
True
Is 12497 a composite number?
False
Is 2333 composite?
False
Is 917 composite?
True
Is 192646 a composite number?
True
Is 7993 composite?
False
Is 84379 composite?
True
Is 72097 composite?
True
Is 505898 composite?
True
Is 908041 prime?
True
Is 587 composite?
False
Is 163019 a prime number?
True
Is 22587 composite?
True
Is 106915 a composite number?
True
Is 23291 prime?
True
Is 2095 a prime number?
False
Is 5455 composite?
True
Is 1477 a composite number?
True
Is 170537 prime?
True
Is 27139 a composite number?
True
Is 44833 composite?
True
Is 1407673 a prime number?
False
Is 227743 prime?
True
Is 414919 a composite number?
True
Is 16153 composite?
True
Is 3538103 a composite number?
False
Is 43883 prime?
False
Is 142151 a composite number?
False
Is 538921 composite?
False
Is 246437 a prime number?
False
Is 20981 a prime number?
True
Is 3431 composite?
True
Is 12877 prime?
False
Is 2813 a composite number?
True
Is 113207 prime?
False
Is 46853 prime?
True
Is 14461 a prime number?
True
Is 207839 a prime number?
False
Is 200765 a composite number?
True
Is 248051 composite?
False
Is 553981 prime?
True
Is 26769 a prime number?
False
Is 42551 prime?
False
Is 233278 a prime number?
False
Is 974 prime?
False
Is 74073 a prime number?
False
Is 1454 a prime number?
False
Is 824833 a composite number?
False
Is 20473 a prime number?
False
Is 373669 a composite number?
False
Is 480287 composite?
False
Is 95915 a composite number?
True
Is 49663 a composite number?
False
Is 3714737 a prime number?
False
Is 16729 prime?
True
Is 124643 prime?
True
Is 131873 composite?
True
Is 1304687 a composite number?
False
Is 1733 a composite number?
False
Is 451 composite?
True
Is 16869 prime?
False
Is 6385 prime?
False
Is 508727 a prime number?
True
Is 293 a composite number?
False
Is 46223 a prime number?
False
Is 178753 composite?
False
Is 706987 a composite number?
False
Is 101551 prime?
False
Is 16759 a composite number?
False
Is 24721 prime?
False
Is 5627 a prime number?
False
Is 35291 a composite number?
False
Is 21205 a